{"id":21,"date":"2025-08-05T14:11:07","date_gmt":"2025-08-05T14:11:07","guid":{"rendered":"http:\/\/ludivih.cluster100.hosting.ovh.net\/?page_id=21"},"modified":"2025-08-22T09:56:13","modified_gmt":"2025-08-22T09:56:13","slug":"stages-et-ateliers","status":"publish","type":"page","link":"https:\/\/www.ludivinealcala.fr\/index.php\/stages-et-ateliers\/","title":{"rendered":"Stages et ateliers"},"content":{"rendered":"\n<div class=\"wp-block-group alignfull has-global-padding is-layout-constrained wp-block-group-is-layout-constrained\" style=\"margin-top:0;margin-bottom:0\">\n<div class=\"wp-block-columns alignfull is-layout-flex wp-container-core-columns-is-layout-9c22b1e3 wp-block-columns-is-layout-flex\">\n<div class=\"wp-block-column is-layout-flow wp-block-column-is-layout-flow\" style=\"flex-basis:55%\">\n<div style=\"aspect-ratio:1;min-height:unset;\" class=\"wp-block-cover has-aspect-ratio\"><img loading=\"lazy\" decoding=\"async\" width=\"1024\" height=\"765\" class=\"wp-block-cover__image-background wp-image-66 size-large\" alt=\"\" src=\"http:\/\/ludivinealcala.fr\/wp-content\/uploads\/2025\/08\/emojuju-1-1024x765.png\" data-object-fit=\"cover\" srcset=\"https:\/\/www.ludivinealcala.fr\/wp-content\/uploads\/2025\/08\/emojuju-1-1024x765.png 1024w, https:\/\/www.ludivinealcala.fr\/wp-content\/uploads\/2025\/08\/emojuju-1-300x224.png 300w, https:\/\/www.ludivinealcala.fr\/wp-content\/uploads\/2025\/08\/emojuju-1-768x574.png 768w, https:\/\/www.ludivinealcala.fr\/wp-content\/uploads\/2025\/08\/emojuju-1-1536x1148.png 1536w, https:\/\/www.ludivinealcala.fr\/wp-content\/uploads\/2025\/08\/emojuju-1.png 1600w\" sizes=\"auto, (max-width: 1024px) 100vw, 1024px\" \/><span aria-hidden=\"true\" class=\"wp-block-cover__background has-background-dim-0 has-background-dim\" style=\"background-color:#7b6345\"><\/span><div class=\"wp-block-cover__inner-container is-layout-flow wp-block-cover-is-layout-flow\">\n<div style=\"height:var(--wp--preset--spacing--20)\" aria-hidden=\"true\" class=\"wp-block-spacer\"><\/div>\n<\/div><\/div>\n<\/div>\n\n\n\n<div class=\"wp-block-column is-vertically-aligned-center is-layout-flow wp-block-column-is-layout-flow\" style=\"padding-top:var(--wp--preset--spacing--60);padding-right:var(--wp--preset--spacing--60);padding-bottom:var(--wp--preset--spacing--60);padding-left:var(--wp--preset--spacing--60)\">\n<h2 class=\"wp-block-heading has-xx-large-font-size\">Ateliers hebdomadaires<\/h2>\n\n\n\n<p class=\"is-style-text-annotation has-medium-font-size is-style-text-annotation--1\">Ateliers th\u00e9\u00e2tre senior<\/p>\n\n\n\n<ul class=\"wp-block-list\">\n<li class=\"has-medium-font-size\">Associations A corps et \u00e0 cris, Alleins (13980)<\/li>\n<\/ul>\n\n\n\n<p class=\"is-style-text-annotation has-medium-font-size is-style-text-annotation--2\">Ateliers th\u00e9\u00e2tre publics sp\u00e9cifiques<\/p>\n\n\n\n<ul class=\"wp-block-list\">\n<li class=\"has-medium-font-size\">Au sein de la structure (ESAT, EHPAD, HDJ&#8230;)<\/li>\n<\/ul>\n\n\n\n<p class=\"is-style-text-annotation has-medium-font-size is-style-text-annotation--3\">Ateliers th\u00e9\u00e2tre de 4 \u00e0 10 ans<\/p>\n\n\n\n<ul class=\"wp-block-list\">\n<li class=\"has-medium-font-size\">Associations A corps et \u00e0 cris, Alleins (13980)<\/li>\n\n\n\n<li class=\"has-medium-font-size\">MJC Salon (13300)<\/li>\n<\/ul>\n\n\n\n<p class=\"is-style-text-annotation has-medium-font-size is-style-text-annotation--4\">Ateliers \u00e9criture de 7 \u00e0 12 ans<\/p>\n\n\n\n<ul class=\"wp-block-list\">\n<li class=\"has-medium-font-size\">MJC Salon (13300)<\/li>\n<\/ul>\n<\/div>\n<\/div>\n<\/div>\n\n\n\n<div class=\"wp-block-buttons is-content-justification-center is-layout-flex wp-container-core-buttons-is-layout-a89b3969 wp-block-buttons-is-layout-flex\">\n<div class=\"wp-block-button\"><a class=\"wp-block-button__link wp-element-button\" href=\"http:\/\/ludivinealcala.fr\/index.php\/formulaires-de-pre-inscription\/\">D\u00e9tails et pr\u00e9-inscription<\/a><\/div>\n\n\n<\/div>\n\n\n\n<div class=\"wp-block-group is-vertical is-content-justification-center is-layout-flex wp-container-core-group-is-layout-ce155fab wp-block-group-is-layout-flex\">\n<details class=\"wp-block-details is-layout-flow wp-block-details-is-layout-flow\"><summary>Donner son avis sur les ateliers et les stages<\/summary>\n<p><\/p>\n\n\n<div class=\"wp-block-jetpack-contact-form\"><a href=\"https:\/\/www.ludivinealcala.fr\/index.php\/stages-et-ateliers\/\" target=\"_blank\" rel=\"noopener noreferrer\">Submit a form.<\/a><\/div><\/details>\n<\/div>\n\n\n\n<div class=\"wp-block-group alignfull has-global-padding is-layout-constrained wp-block-group-is-layout-constrained\" style=\"margin-top:0;margin-bottom:0;padding-top:var(--wp--preset--spacing--50);padding-bottom:var(--wp--preset--spacing--50)\">\n<div class=\"wp-block-columns alignwide is-layout-flex wp-container-core-columns-is-layout-fa584acd wp-block-columns-is-layout-flex\">\n<div class=\"wp-block-column is-vertically-aligned-center is-layout-flow wp-block-column-is-layout-flow\">\n<h2 class=\"wp-block-heading has-xx-large-font-size\">Stages vacances<\/h2>\n\n\n\n<ul class=\"wp-block-list\">\n<li><a href=\"http:\/\/ludivinealcala.fr\/?page_id=71\" data-type=\"page\" data-id=\"71\">Stages de th\u00e9\u00e2tre de 4 \u00e0 10 ans<\/a>, Alleins (13980) et Salon (13300)<\/li>\n\n\n\n<li><a href=\"http:\/\/ludivinealcala.fr\/?page_id=70\" data-type=\"page\" data-id=\"70\">Stages d&#8217;\u00e9criture &#8220;J&#8217;invente mon histoire&#8221; <\/a>(diff\u00e9rents lieux)<\/li>\n<\/ul>\n\n\n\n<p><\/p>\n<\/div>\n\n\n\n<div class=\"wp-block-column is-vertically-aligned-center is-layout-flow wp-block-column-is-layout-flow\">\n<figure class=\"wp-block-image size-full\"><img loading=\"lazy\" decoding=\"async\" width=\"1587\" height=\"2245\" src=\"http:\/\/ludivinealcala.fr\/wp-content\/uploads\/2025\/08\/Stage-halloween-affiche_alleins.jpg\" alt=\"\" class=\"wp-image-72\" style=\"aspect-ratio:1;object-fit:contain\" srcset=\"https:\/\/www.ludivinealcala.fr\/wp-content\/uploads\/2025\/08\/Stage-halloween-affiche_alleins.jpg 1587w, https:\/\/www.ludivinealcala.fr\/wp-content\/uploads\/2025\/08\/Stage-halloween-affiche_alleins-212x300.jpg 212w, https:\/\/www.ludivinealcala.fr\/wp-content\/uploads\/2025\/08\/Stage-halloween-affiche_alleins-724x1024.jpg 724w, https:\/\/www.ludivinealcala.fr\/wp-content\/uploads\/2025\/08\/Stage-halloween-affiche_alleins-768x1086.jpg 768w, https:\/\/www.ludivinealcala.fr\/wp-content\/uploads\/2025\/08\/Stage-halloween-affiche_alleins-1086x1536.jpg 1086w, https:\/\/www.ludivinealcala.fr\/wp-content\/uploads\/2025\/08\/Stage-halloween-affiche_alleins-1448x2048.jpg 1448w\" sizes=\"auto, (max-width: 1587px) 100vw, 1587px\" \/><\/figure>\n<\/div>\n<\/div>\n<\/div>\n\n\n\n<div class=\"wp-block-group alignfull has-global-padding is-layout-constrained wp-block-group-is-layout-constrained\" style=\"margin-top:0;margin-bottom:0\">\n<details class=\"wp-block-details is-layout-flow wp-block-details-is-layout-flow\"><summary>Donner son avis sur les ateliers et les stages<\/summary>\n<p><\/p>\n\n\n<div class=\"wp-block-jetpack-contact-form\"><a href=\"https:\/\/www.ludivinealcala.fr\/index.php\/stages-et-ateliers\/\" target=\"_blank\" rel=\"noopener noreferrer\">Submit a form.<\/a><\/div><\/details>\n\n\n\n<div class=\"wp-block-group alignwide is-layout-flow wp-container-core-group-is-layout-d58a0413 wp-block-group-is-layout-flow\" style=\"padding-top:var(--wp--preset--spacing--50);padding-bottom:var(--wp--preset--spacing--50)\">\n<h2 class=\"wp-block-heading has-x-large-font-size\">Questions fr\u00e9quentes<\/h2>\n\n\n\n<div class=\"wp-block-columns is-layout-flex wp-container-core-columns-is-layout-cbe57604 wp-block-columns-is-layout-flex\">\n<div class=\"wp-block-column is-layout-flow wp-block-column-is-layout-flow\">\n<div class=\"wp-block-group is-layout-flow wp-block-group-is-layout-flow\" style=\"border-top-color:var(--wp--preset--color--accent-6);border-top-width:1px;padding-top:var(--wp--preset--spacing--30);padding-bottom:var(--wp--preset--spacing--30)\">\n<h3 class=\"wp-block-heading\">Quand et comment paie-t-on les stages?<\/h3>\n\n\n\n<p class=\"has-medium-font-size\">A la MJC ou le premier jour de stage sur Alleins. <\/p>\n<\/div>\n<\/div>\n\n\n\n<div class=\"wp-block-column is-layout-flow wp-block-column-is-layout-flow\">\n<div class=\"wp-block-group is-layout-flow wp-block-group-is-layout-flow\" style=\"border-top-color:var(--wp--preset--color--accent-6);border-top-width:1px;padding-top:var(--wp--preset--spacing--30);padding-bottom:var(--wp--preset--spacing--30)\">\n<h3 class=\"wp-block-heading\">Les enfants de maternelle et de primaire sont-ils s\u00e9par\u00e9s? <\/h3>\n\n\n\n<p class=\"has-medium-font-size\">Oui, les stages sont organis\u00e9s par groupe d&#8217;\u00e2ge mais  la repr\u00e9sentation se fait dans un temps commun.<\/p>\n<\/div>\n<\/div>\n<\/div>\n\n\n\n<div class=\"wp-block-columns is-layout-flex wp-container-core-columns-is-layout-cbe57604 wp-block-columns-is-layout-flex\">\n<div class=\"wp-block-column is-layout-flow wp-block-column-is-layout-flow\">\n<div class=\"wp-block-group is-layout-flow wp-block-group-is-layout-flow\" style=\"border-top-color:var(--wp--preset--color--accent-6);border-top-width:1px;padding-top:var(--wp--preset--spacing--30);padding-bottom:var(--wp--preset--spacing--30)\">\n<h3 class=\"wp-block-heading\">Comment s&#8217;inscrire? <\/h3>\n\n\n\n<p class=\"has-medium-font-size\">Cliquez ici pour acc\u00e9der aux <a href=\"http:\/\/ludivinealcala.fr\/index.php\/formulaires-de-pre-inscription\/\" data-type=\"link\" data-id=\"http:\/\/ludivinealcala.fr\/index.php\/formulaires-de-pre-inscription\/\">pr\u00e9-inscriptions<\/a>. <\/p>\n<\/div>\n<\/div>\n\n\n\n<div class=\"wp-block-column is-layout-flow wp-block-column-is-layout-flow\">\n<div class=\"wp-block-group is-layout-flow wp-block-group-is-layout-flow\" style=\"border-top-color:var(--wp--preset--color--accent-6);border-top-width:1px;padding-top:var(--wp--preset--spacing--30);padding-bottom:var(--wp--preset--spacing--30)\">\n<h3 class=\"wp-block-heading\">Comment communiquer avec vous ?<\/h3>\n\n\n\n<p class=\"has-medium-font-size\">Des groupes What&#8217;s App sont cr\u00e9\u00e9s \u00e0 chaque \u00e9v\u00e8nement. Il serait pr\u00e9f\u00e9rable que vous l&#8217;installiez si ce n&#8217;est pas encore le cas. <\/p>\n\n\n\n<p><\/p>\n<\/div>\n<\/div>\n<\/div>\n<\/div>\n<\/div>\n\n\n\n<aside class=\"wp-block-group alignfull is-style-section-3 has-custom-color-2-background-color has-background has-global-padding is-layout-constrained wp-container-core-group-is-layout-f0f2a97b wp-block-group-is-layout-constrained is-style-section-3--5\" style=\"margin-top:0;margin-bottom:0;padding-top:var(--wp--preset--spacing--50);padding-right:var(--wp--preset--spacing--50);padding-bottom:var(--wp--preset--spacing--50);padding-left:var(--wp--preset--spacing--50)\">\n<div class=\"wp-block-group is-vertical is-content-justification-center is-layout-flex wp-container-core-group-is-layout-8778ca4a wp-block-group-is-layout-flex\" style=\"min-height:360px;margin-top:0;margin-bottom:0\">\n<h2 class=\"wp-block-heading has-text-align-center has-xx-large-font-size\">Notez : les stages ne sont \u00e0 destination que des enfants! <\/h2>\n\n\n\n<p class=\"has-text-align-center is-style-text-subtitle is-style-text-subtitle--6\"><\/p>\n\n\n\n<div style=\"height:0px\" aria-hidden=\"true\" class=\"wp-block-spacer wp-container-content-62aae154\"><\/div>\n\n\n\n<div class=\"wp-block-buttons is-content-justification-center is-layout-flex wp-container-core-buttons-is-layout-a89b3969 wp-block-buttons-is-layout-flex\">\n<div class=\"wp-block-button\"><a class=\"wp-block-button__link has-text-align-center wp-element-button\" href=\"http:\/\/ludivinealcala.fr\/index.php\/contact\/\">Contact<\/a><\/div>\n<\/div>\n<\/div>\n<\/aside>\n\n\n\n<p><\/p>\n","protected":false},"excerpt":{"rendered":"<p>Ateliers hebdomadaires Ateliers th\u00e9\u00e2tre senior Ateliers th\u00e9\u00e2tre publics sp\u00e9cifiques Ateliers th\u00e9\u00e2tre de 4 \u00e0 10 ans Ateliers \u00e9criture de 7 \u00e0 12 ans Stages vacances Questions fr\u00e9quentes Quand et comment paie-t-on les stages? A la MJC ou le premier jour de stage sur Alleins. Les enfants de maternelle et de primaire sont-ils s\u00e9par\u00e9s? Oui, les [&hellip;]<\/p>\n","protected":false},"author":1,"featured_media":0,"parent":0,"menu_order":2,"comment_status":"closed","ping_status":"closed","template":"","meta":{"footnotes":""},"class_list":["post-21","page","type-page","status-publish","hentry"],"jetpack_sharing_enabled":true,"_links":{"self":[{"href":"https:\/\/www.ludivinealcala.fr\/index.php\/wp-json\/wp\/v2\/pages\/21","targetHints":{"allow":["GET"]}}],"collection":[{"href":"https:\/\/www.ludivinealcala.fr\/index.php\/wp-json\/wp\/v2\/pages"}],"about":[{"href":"https:\/\/www.ludivinealcala.fr\/index.php\/wp-json\/wp\/v2\/types\/page"}],"author":[{"embeddable":true,"href":"https:\/\/www.ludivinealcala.fr\/index.php\/wp-json\/wp\/v2\/users\/1"}],"replies":[{"embeddable":true,"href":"https:\/\/www.ludivinealcala.fr\/index.php\/wp-json\/wp\/v2\/comments?post=21"}],"version-history":[{"count":23,"href":"https:\/\/www.ludivinealcala.fr\/index.php\/wp-json\/wp\/v2\/pages\/21\/revisions"}],"predecessor-version":[{"id":281,"href":"https:\/\/www.ludivinealcala.fr\/index.php\/wp-json\/wp\/v2\/pages\/21\/revisions\/281"}],"wp:attachment":[{"href":"https:\/\/www.ludivinealcala.fr\/index.php\/wp-json\/wp\/v2\/media?parent=21"}],"curies":[{"name":"wp","href":"https:\/\/api.w.org\/{rel}","templated":true}]}}